{"id":72,"date":"2018-12-13T10:17:11","date_gmt":"2018-12-13T09:17:11","guid":{"rendered":"http:\/\/demoti.codebase.it\/?page_id=72"},"modified":"2019-02-03T16:06:48","modified_gmt":"2019-02-03T15:06:48","slug":"popillia-japonica","status":"publish","type":"page","link":"https:\/\/www.teknoitaliaservice.it\/?page_id=72","title":{"rendered":"Popillia Japonica"},"content":{"rendered":"\n<p style=\"color:#086e0b\" class=\"has-text-color\"><strong>La Popillia Japonica<\/strong><\/p>\n\n\n\n<div class=\"wp-block-image\"><figure class=\"aligncenter\"><img loading=\"lazy\" width=\"625\" height=\"430\" src=\"http:\/\/demoti.codebase.it\/wp-content\/uploads\/2019\/02\/Popillia-japonica-lotta-.jpg\" alt=\"\" class=\"wp-image-866\" srcset=\"https:\/\/www.teknoitaliaservice.it\/wp-content\/uploads\/2019\/02\/Popillia-japonica-lotta-.jpg 625w, https:\/\/www.teknoitaliaservice.it\/wp-content\/uploads\/2019\/02\/Popillia-japonica-lotta--300x206.jpg 300w\" sizes=\"(max-width: 625px) 100vw, 625px\" \/><\/figure><\/div>\n\n\n\n<p style=\"color:#086e0b\" class=\"has-text-color\"><strong>Quarantena per la direttiva 2000\/29\/CEE<\/strong><\/p>\n\n\n\n<p>Il Coleottero \u00e8 originario del Giappone si \u00e8 rilevato particolamente <strong>dannoso<\/strong> su un gran numero di <strong>piante coltivate<\/strong> e spontanee, per cui nella normativa fitosanitaria \u00e8 inserito tra gli organismi di <strong>quarantena<\/strong> (direttiva 2000\/29\/CEE).<br><\/p>\n\n\n\n<p>La <strong>Popillia Japonica<\/strong> \u00e8 una specie estremamente <strong>polifaga<\/strong> ed \u00e8 considerata <strong>dannosa su oltre 100 piante<\/strong>, alberi da frutto, viti, nocciolo, piccoli frutti ed essenze forestali ed ornamentali.<\/p>\n\n\n\n<p style=\"color:#086e0b\" class=\"has-text-color\"><strong>Non ha predatori naturali<\/strong><\/p>\n\n\n\n<p>Alle nostre latitudini compie il ciclo vitale nell&#8217;arco di un anno, gli adulti sono presenti nei mesi di giugno luglio e agosto con raggiungimento del <strong>picco a fine luglio<\/strong>. Si sta <strong>diffondendo rapidamente<\/strong> in tutto il nostro territorio in quanto in natura non presenta un <strong>predatore naturale<\/strong>, per cui si riproduce indisturbata con un crescita esponenziale rapidissima.<\/p>\n\n\n\n<div style=\"height:49px\" aria-hidden=\"true\" class=\"wp-block-spacer\"><\/div>\n\n\n\n<p style=\"color:#086e0b\" class=\"has-text-color\"><strong>Le Larve<\/strong><\/p>\n\n\n\n<div class=\"wp-block-image\"><figure class=\"alignleft is-resized\"><img loading=\"lazy\" src=\"http:\/\/demoti.codebase.it\/wp-content\/uploads\/2019\/02\/180px-Jblarva.jpg\" alt=\"\" class=\"wp-image-874\" width=\"217\" height=\"250\"\/><\/figure><\/div>\n\n\n\n<p><strong>Le larve<\/strong> sono deposte nel <strong>terreno<\/strong> nelle immediate vicinanze degli alberi di cui si nutrono gli adulti.&nbsp;Sono di colore trasparente &#8211; bianco crema e il loro corpo \u00e8 cosparso di peli marrone lunghi misti a spine pi\u00f9 corte e con la punta smussata. La testa \u00e8 giallastra-marrone con le mandibole scure. <strong>Il corpo<\/strong> \u00e8 formato da 3 segmenti toracici&nbsp;e 10 addominali. Quando \u00e8 a riposo la larva ha una forma piegata a C.<\/p>\n\n\n\n<div style=\"height:57px\" aria-hidden=\"true\" class=\"wp-block-spacer\"><\/div>\n","protected":false},"excerpt":{"rendered":"<p>La Popillia Japonica Quarantena per la direttiva 2000\/29\/CEE Il Coleottero \u00e8 originario del Giappone si \u00e8 rilevato particolamente dannoso su un gran numero di piante coltivate e spontanee, per cui nella normativa fitosanitaria \u00e8 inserito tra gli organismi di quarantena (direttiva 2000\/29\/CEE). La Popillia Japonica \u00e8 una specie estremamente polifaga<\/p>\n","protected":false},"author":1,"featured_media":585,"parent":0,"menu_order":0,"comment_status":"closed","ping_status":"closed","template":"","meta":[],"_links":{"self":[{"href":"https:\/\/www.teknoitaliaservice.it\/index.php?rest_route=\/wp\/v2\/pages\/72"}],"collection":[{"href":"https:\/\/www.teknoitaliaservice.it\/index.php?rest_route=\/wp\/v2\/pages"}],"about":[{"href":"https:\/\/www.teknoitaliaservice.it\/index.php?rest_route=\/wp\/v2\/types\/page"}],"author":[{"embeddable":true,"href":"https:\/\/www.teknoitaliaservice.it\/index.php?rest_route=\/wp\/v2\/users\/1"}],"replies":[{"embeddable":true,"href":"https:\/\/www.teknoitaliaservice.it\/index.php?rest_route=%2Fwp%2Fv2%2Fcomments&post=72"}],"version-history":[{"count":15,"href":"https:\/\/www.teknoitaliaservice.it\/index.php?rest_route=\/wp\/v2\/pages\/72\/revisions"}],"predecessor-version":[{"id":886,"href":"https:\/\/www.teknoitaliaservice.it\/index.php?rest_route=\/wp\/v2\/pages\/72\/revisions\/886"}],"wp:featuredmedia":[{"embeddable":true,"href":"https:\/\/www.teknoitaliaservice.it\/index.php?rest_route=\/wp\/v2\/media\/585"}],"wp:attachment":[{"href":"https:\/\/www.teknoitaliaservice.it\/index.php?rest_route=%2Fwp%2Fv2%2Fmedia&parent=72"}],"curies":[{"name":"wp","href":"https:\/\/api.w.org\/{rel}","templated":true}]}}